577?
11, 20507
What are the prime factors of 266774?
2, 133387
List the prime factors of 91612.
2, 37, 619
List the prime factors of 2222637.
3, 103, 7193
List the prime factors of 1842854.
2, 13, 70879
List the prime factors of 372648.
2, 3, 15527
What are the prime factors of 15145466?
2, 7, 233, 4643
List the prime factors of 15890156.
2, 19, 419, 499
What are the prime factors of 1645453?
41, 67, 599
What are the prime factors of 165730?
2, 5, 16573
What are the prime factors of 5911327?
61, 96907
What are the prime factors of 1914373?
59, 71, 457
List the prime factors of 699294.
2, 3, 116549
List the prime factors of 277670.
2, 5, 27767
List the prime factors of 23192498.
2, 7, 1656607
What are the prime factors of 7543738?
2, 859, 4391
What are the prime factors of 238024?
2, 29753
What are the prime factors of 953823?
3, 13, 37, 661
What are the prime factors of 219017?
219017
What are the prime factors of 24767033?
24767033
What are the prime factors of 2927969?
11, 23, 71, 163
What are the prime factors of 1244377?
43, 673
List the prime factors of 1824308.
2, 167, 2731
List the prime factors of 586699.
29, 20231
What are the prime factors of 719136?
2, 3, 11, 227
What are the prime factors of 2411265?
3, 5, 160751
List the prime factors of 37445327.
947, 39541
List the prime factors of 888981.
3, 17, 17431
List the prime factors of 2383514.
2, 7, 61, 2791
List the prime factors of 8384864.
2, 262027
List the prime factors of 138602.
2, 37, 1873
List the prime factors of 6949586.
2, 7, 496399
What are the prime factors of 312760?
2, 5, 7, 1117
What are the prime factors of 1097633?
1097633
List the prime factors of 142116.
2, 3, 13, 911
List the prime factors of 473082.
2, 3, 37, 2131
List the prime factors of 13151552.
2, 205493
List the prime factors of 2673727.
7, 23, 16607
List the prime factors of 872219.
17, 51307
List the prime factors of 1465771.
1465771
List the prime factors of 1788217.
1788217
What are the prime factors of 1940918?
2, 7, 138637
What are the prime factors of 135705?
3, 5, 83, 109
List the prime factors of 21413884.
2, 71, 75401
List the prime factors of 27605123.
7, 13, 61, 4973
List the prime factors of 175924.
2, 7, 61, 103
List the prime factors of 753363.
3, 13, 47, 137
What are the prime factors of 13921?
13921
List the prime factors of 1004121.
3, 31, 59, 61
List the prime factors of 1254939.
3, 7, 8537
What are the prime factors of 8071967?
59, 136813
What are the prime factors of 114176?
2, 223
List the prime factors of 270415.
5, 54083
What are the prime factors of 48610?
2, 5, 4861
What are the prime factors of 348227?
11, 31657
What are the prime factors of 3884404?
2, 743, 1307
List the prime factors of 788778.
2, 3, 541
What are the prime factors of 202076?
2, 7, 1031
List the prime factors of 4920087.
3, 71, 23099
List the prime factors of 308162.
2, 154081
List the prime factors of 4717728.
2, 3, 16381
List the prime factors of 36102.
2, 3, 11, 547
What are the prime factors of 69521?
19, 3659
List the prime factors of 1199094.
2, 3, 13, 15373
What are the prime factors of 10010991?
3, 173, 19289
List the prime factors of 1899833.
13, 146141
List the prime factors of 2260780.
2, 5, 113039
What are the prime factors of 172342?
2, 86171
List the prime factors of 4292533.
7, 613219
List the prime factors of 305610.
2, 3, 5, 61, 167
List the prime factors of 15507236.
2, 439, 8831
What are the prime factors of 998473?
7, 41, 71
What are the prime factors of 8775532?
2, 2193883
List the prime factors of 478674.
2, 3, 7, 29, 131
List the prime factors of 168782.
2, 84391
What are the prime factors of 984090?
2, 3, 5, 32803
List the prime factors of 185271.
3, 61757
What are the prime factors of 5425308?
2, 3, 7, 21529
What are the prime factors of 5155673?
5155673
List the prime factors of 2675947.
41, 65267
What are the prime factors of 585444?
2, 3, 48787
What are the prime factors of 299009?
103, 2903
List the prime factors of 3146923.
13, 67, 3613
What are the prime factors of 901157?
173, 5209
What are the prime factors of 881989?
103, 8563
What are the prime factors of 916472?
2, 109, 1051
List the prime factors of 4090657.
211, 19387
What are the prime factors of 2309089?
19, 121531
List the prime factors of 79881.
3, 26627
What are the prime factors of 662308?
2, 23, 313
What are the prime factors of 6457898?
2, 83, 38903
List the prime factors of 41372.
2, 10343
What are the prime factors of 417727?
417727
What are the prime factors of 25690805?
5, 7, 41, 17903
List the prime factors of 1071304.
2, 13, 10301
List the prime factors of 2541625.
5, 20333
What are the prime factors of 166192?
2, 13, 17, 47
List the prime factors of 919160.
2, 5, 11, 2089
What are the prime factors of 9414369?
3, 113, 9257
List the prime factors of 6055656.
2, 3, 252319
What are the prime factors of 175778?
2, 179, 491
List the prime factors of 298941.
3, 251, 397
List the prime factors of 1108213.
17, 19, 47, 73
List the prime factors of 2453224.
2, 306653
What are the prime factors of 445774?
2, 7, 17, 1873
What are the prime factors of 403571?
7, 57653
What are the prime factors of 10253394?
2, 3, 71, 113
List the prime factors of 2612413.
2612413
List the prime factors of 2302216.
2, 7, 839
What are the prime factors of 200628?
2, 3, 5573
What are the prime factors of 586544?
2, 7, 5237
List the prime factors of 238460.
2, 5, 11923
What are the prime factors of 1058751?
3, 4357
List the prime factors of 73226.
2, 19, 41, 47
List the prime factors of 293225.
5, 37, 317
What are the prime factors of 23048824?
2, 19, 151637
List the prime factors of 1339421.
229, 5849
List the prime factors of 2490479.
2490479
What are the prime factors of 5464442?
2, 2732221
What are the prime factors of 4591776?
2, 3, 7, 6833
List the prime factors of 216701.
139, 1559
List the prime factors of 256911.
3, 29, 2953
What are the prime factors of 1419055?
5, 11, 25801
What are the prime factors of 165677?
29, 197
List the prime factors of 9688255.
5, 1937651
What are the prime factors of 37382760?
2, 3, 5, 103841
List the prime factors of 7123479.
3, 11, 215863
List the prime factors of 1051553.
1051553
List the prime factors of 29184226.
2, 103, 141671
List the prime factors of 11428650.
2, 3, 5, 109, 233
List the prime factors of 1537315.
5, 13, 67, 353
What are the prime factors of 3446775?
3, 5, 15319
What are the prime factors of 57956?
2, 14489
List the prime factors of 10897727.
10897727
What are the prime factors of 18818051?
7, 1021, 2633
What are the prime factors of 754520?
2, 5, 13, 1451
What are the prime factors of 3707879?
7, 31, 2441
List the prime factors of 1553991.
3, 19, 137, 199
What are the prime factors of 17720195?
5, 61, 58099
What are the prime factors of 89567?
89567
What are the prime factors of 66431?
66431
List the prime factors of 103026.
2, 3, 7, 11, 223
List the prime factors of 1966655.
5, 393331
What are the prime factors of 39636?
2, 3, 367
What are the prime factors of 939037?
11, 19, 4493
What are the prime factors of 558664?
2, 69833
What are the prime factors of 1321601?
1321601
List the prime factors of 3180060.
2, 3, 5, 13, 151
What are the prime factors of 306286?
2, 37, 4139
What are the prime factors of 7374123?
3, 557, 1471
What are the prime factors of 4518017?
7, 645431
What are the prime factors of 294674?
2, 251, 587
What are the prime factors of 1880189?
1880189
List the prime factors of 3100102.
2, 1550051
List the prime factors of 7474678.
2, 23, 162493
List the prime factors of 3261865.
5, 652373
What are the prime factors of 22453621?
22453621
What are the prime factors of 93532?
2, 67, 349
What are the prime factors of 2937028?
2, 61, 12037
What are the prime factors of 19823183?
19823183
List the prime factors of 515043.
3, 89, 643
What are the prime factors of 9581?
11, 13, 67
List the prime factors of 6407989.
7, 43, 61, 349
What are the prime factors of 1466107?
1466107
What are the prime factors of 187702?
2, 93851
List the prime factors of 8614768.
2, 538423
List the prime factors of 9520401.
3, 11, 26227
What are the prime factors of 615954?
2, 3, 251, 409
What are the prime factors of 21945785?
5, 101, 43457
List the prime factors of 2714686.
2, 13, 263, 397
L